ase 9) to base 11.
-3
-2 (base 9) to base 7
-2
-2 (base 13) to base 16
-2
62 (base 7) to base 12
38
d (base 14) to base 6
21
Convert -98 (base 13) to base 7.
-236
-1000 (base 2) to base 16
-8
Convert 12 (base 6) to base 12.
8
-187 (base 13) to base 16
-118
Convert 6b (base 13) to base 7.
155
-2 (base 6) to base 2
-10
What is 11 (base 15) in base 7?
22
Convert -2 (base 7) to base 15.
-2
What is 2 (base 9) in base 8?
2
-26 (base 13) to base 11
-2a
Convert 17 (base 13) to base 16.
14
3 (base 6) to base 10
3
Convert -20 (base 7) to base 12.
-12
Convert -10 (base 9) to base 4.
-21
What is 22 (base 6) in base 16?
e
-3 (base 5) to base 9
-3
-8 (base 10) to base 2
-1000
What is 3 (base 8) in base 3?
10
97 (base 11) to base 5
411
What is 10100 (base 2) in base 11?
19
Convert -1112 (base 4) to base 15.
-5b
101110 (base 2) to base 13
37
Convert -12 (base 8) to base 13.
-a
Convert 1 (base 12) to base 3.
1
3 (base 10) to base 11
3
-2320 (base 4) to base 11
-158
144 (base 8) to base 3
10201
-3 (base 15) to base 6
-3
What is -5 (base 12) in base 10?
-5
What is -312 (base 4) in base 15?
-39
What is 5 (base 6) in base 4?
11
Convert -143 (base 11) to base 6.
-440
-40 (base 8) to base 16
-20
-2020 (base 4) to base 10
-136
What is 140 (base 5) in base 16?
2d
-23 (base 4) to base 7
-14
Convert -1101 (base 2) to base 8.
-15
-2 (base 15) to base 7
-2
What is -2031 (base 4) in base 9?
-166
What is -41 (base 5) in base 11?
-1a
Convert -2020 (base 4) to base 6.
-344
What is 11 (base 11) in base 3?
110
Convert -2 (base 9) to base 2.
-10
What is 101011 (base 2) in base 3?
1121
What is -4 (base 14) in base 15?
-4
Convert -5 (base 15) to base 10.
-5
Convert -23 (base 6) to base 12.
-13
-13 (base 9) to base 7
-15
Convert -11 (base 4) to base 15.
-5
-1 (base 4) to base 13
-1
Convert 6 (base 10) to base 7.
6
9 (base 12) to base 9
10
Convert 36 (base 7) to base 2.
11011
Convert 10 (base 15) to base 8.
17
-24 (base 8) to base 16
-14
-1212 (base 6) to base 2
-100101000
Convert 211 (base 5) to base 16.
38
Convert -2 (base 9) to base 6.
-2
What is 31 (base 8) in base 12?
21
Convert -100 (base 2) to base 6.
-4
1202 (base 3) to base 16
2f
What is 32 (base 8) in base 10?
26
What is -21 (base 3) in base 4?
-13
Convert -3 (base 6) to base 3.
-10
Convert ba (base 12) to base 8.
216
11 (base 2) to base 13
3
Convert 22 (base 3) to base 10.
8
-35 (base 6) to base 3
-212
-4 (base 8) to base 5
-4
Convert 8 (base 11) to base 14.
8
What is -10 (base 9) in base 10?
-9
1 (base 6) to base 5
1
What is 21 (base 11) in base 7?
32
4 (base 5) to base 16
4
9 (base 11) to base 12
9
What is -10121 (base 3) in base 15?
-67
174 (base 8) to base 13
97
-112 (base 3) to base 13
-11
-2 (base 8) to base 16
-2
2 (base 6) to base 9
2
Convert 2010 (base 3) to base 13.
45
Convert -3 (base 15) to base 9.
-3
Convert -48 (base 14) to base 4.
-1000
Convert 10 (base 7) to base 15.
7
What is 23 (base 11) in base 4?
121
What is 4 (base 6) in base 12?
4
10003 (base 4) to base 6
1111
What is 21 (base 14) in base 6?
45
Convert -2 (base 5) to base 10.
-2
What is -53 (base 9) in base 10?
-48
What is -a (base 11) in base 13?
-a
What is 3 (base 14) in base 9?
3
Convert 0 (base 2) to base 15.
0
-2 (base 4) to base 9
-2
Convert -111010 (base 2) to base 7.
-112
Convert 51 (base 10) to base 11.
47
Convert -a9 (base 14) to base 6.
-405
What is -120 (base 4) in base 5?
-44
What is -10110 (base 2) in base 14?
-18
Convert 49 (base 10) to base 7.
100
Convert -4 (base 14) to base 12.
-4
What is -3 (base 11) in base 16?
-3
What is -b (base 12) in base 13?
-b
Convert 4 (base 6) to base 12.
4
Convert 11 (base 6) to base 2.
111
10 (base 5) to base 11
5
3 (base 9) to base 16
3
What is 6 (base 9) in base 3?
20
Convert 1100110 (base 2) to base 5.
402
What is 12 (base 8) in base 7?
13
What is 232 (base 4) in base 2?
101110
101010 (base 2) to base 8
52
32 (base 15) to base 2
101111
What is -15 (base 13) in base 12?
-16
What is 82 (base 11) in base 13?
6c
5 (base 7) to base 16
5
Convert 3 (base 8) to base 2.
11
-11 (base 5) to base 12
-6
1 (base 11) to base 13
1
Convert 0 (base 15) to base 5.
0
Convert 8 (base 15) to base 13.
8
Convert -43 (base 12) to base 6.
-123
What is -6 (base 11) in base 10?
-6
What is -35 (base 7) in base 2?
-11010
What is -4 (base 16) in base 7?
-4
0 (base 6) to base 3
0
Convert -12 (base 5) to base 15.
-7
Convert 4 (base 8) to base 15.
4
Convert 2 (base 4) to base 14.
2
What is -211 (base 3) in base 2?
-10110
Convert -2 (base 12) to base 13.
-2
What is 101 (base 8) in base 5?
230
Convert -21 (base 16) to base 8.
-41
What is -48 (base 12) in base 7?
-110
0 (base 13) to base 16
0
Convert -11 (base 13) to base 6.
-22
Convert 2 (base 11) to base 4.
2
What is 2 (base 7) in base 12?
2
Convert 13 (base 8) to base 12.
b
7 (base 11) to base 8
7
-10 (base 12) to base 11
-11
What is 15 (base 12) in base 4?
101
What is -3 (base 16) in base 5?
-3
Convert -135 (base 8) to base 3.
-10110
What is 0 (base 11) in base 9?
0
Convert 17 (base 16) to base 7.
32
Convert 102 (base 4) to base 3.
200
Convert 101 (base 9) to base 4.
1102
What is 1101 (base 2) in base 11?
12
5 (base 14) to base 5
10
What is 9 (base 14) in base 4?
21
Convert 5 (base 15) to base 10.
5
What is -322 (base 7) in base 9?
-201
-1010 (base 2) to base 16
-a
0 (base 9) to base 14
0
What is 1032 (base 4) in base 13?
60
Convert d5 (base 14) to base 12.
137
Convert 7 (base 14) to base 10.
7
What is 12202 (base 3) in base 13?
bc
-1 (base 7) to base 2
-1
What is -11 (base 2) in base 14?
-3
What is 32 (base 14) in base 6?
112
What is -9 (base 15) in base 4?
-21
-1 (base 5) to base 15
-1
Convert 110 (base 3) to base 13.
c
What is -10 (base 9) in base 12?
-9
What is 27 (base 14) in base 5?
120
Convert 35 (base 6) to base 13.
1a
What is 1213 (base 5) in base 10?
183
What is -1023 (base 4) in base 5?
-300
What is 110 (base 2) in base 16?
6
Convert -1061 (base 7) to base 9.
-468
What is 4 (base 6) in base 9?
4
Convert -3 (base 13) to base 15.
-3
Convert -4 (base 12) to base 4.
-10
Convert 113 (base 5) to base 6.
53
-2 (base 16) to base 3
-2
Convert -28 (base 14) to base 15.
-26
What is 1001 (base 2) in base 6?
13
What is 1322 (base 4) in base 12?
a2
Convert 24 (base 11) to base 5.
101
-155 (base 9) to base 11
-10a
Convert 514 (base 9) to base 10.
418
-14 (base 10) to base 9
-15
-4 (base 5) to base 15
-4
-12 (base 11) to base 14
-d
What is -64 (base 8) in base 7?
-103
What is 6 (base 11) in base 9?
6
e (base 16) to base 11
13
Convert -2 (base 7) to base 15.
-2
What is -25 (base 12) in base 13?
-23
-6 (base 15) to base 8
-6
What is 3 (base 16) in base 6?
3
What is 225 (base 7) in base 9?
140
Convert -9c (base 14) to base 9.
-163
21 (base 8) to base 10
17
What is 14 (base 11) in base 8?
17
What is 132 (base 6) in base 11?
51
What is 0 (base 4) in base 16?
0
Convert 2 (base 14) to base 7.
2
What is -176 (base 12) in base 3?
-22200
What is -17 (base 9) in base 8?
-20
Convert 1 (base 12) to base 13.
1
-2 (base 12) to base 6
-2
Convert -12 (base 11) to base 16.
-d
What is -334 (base 5) in base 10?
-94
Convert 150 (base 9) to base 12.
a6
Convert 5 (base 11) to base 9.
5
What is 2 (base 15) in base 3?
2
What is -c (base 15) in base 4?
-30
What is 11201 (base 3) in base 11?
106
Convert 4 (base 6) to base 2.
100
31 (base 11) to base 4
202
Convert 117 (base 13) to base 10.
189
Convert 147 (base 10) to base 15.
9c
101 (base 2) to base 13
5
What is 1 (base 15) in base 4?
1
-3 (base 5) to base 16
-3
Convert -25 (base 12) to base 6.
-45
What is -15 (base 7) in base 6?
-20
What is 223 (base 5) in base 3?
2100
Convert -4 (base 7) to base 15.
-4
Convert 15 (base 8) to base 3.
111
Convert 454 (base 8) to base 9.
363
98 (base 16) to base 10
152
What is -2c (base 14) in base 9?
-44
1012 (base 3) to base 4
200
Convert -111 (base 5) to base 16.
-1f
Convert -1000 (base 2) to base 4.
-20
Convert 0 (base 12) to base 16.
0
What is 7 (base 14) in base 4?
13
-321 (base 4) to base 2
-111001
50 (base 6) to base 11
28
-11 (base 2) to base 10
-3
What is 3 (base 10) in base 3?
10
What is 120 (base 4) in base 7?
33
3 (base 5) to base 13
3
31 (base 9) to base 5
103
10 (base 10) to base 7
13
Convert 1 (base 11) to base 8.
1
Convert 28 (base 12) to base 9.
35
What is -2011 (base 3) in base 10?
-58
40 (base 7) to base 6
4